Let n be b(4). Calculate the highest common factor of n and s.
6
Suppose -444 - 132 = -2*g. What is the highest common factor of g and 9?
9
Suppose -4*c + 225 = -c + 4*f, -3*c + 5*f + 252 = 0. Calculate the highest common factor of c and 1.
1
Suppose 0 = -4*k - 16, 3*x + 190 = k + 347. What is the highest common factor of x and 1173?
51
Suppose 0*h = 5*h - 90. Let u = h - 18. Suppose 3*d - 17 - 40 = -3*a, -3*d + 3*a + 69 = u. Calculate the highest common divisor of 105 and d.
21
Let r be 14*(39/21 - 1 - 0). Suppose 0 = -3*d - 6 + r. Calculate the greatest common factor of d and 5.
1
Suppose o - 4 = -3. Let p be (-1 - (-1 + o))*-3. What is the highest common factor of 9 and p?
3
Let w(d) = -d**3 + d**2 + 3*d + 371. Let r be w(0). What is the highest common divisor of 7 and r?
7
Let u be (-7 + 5 + 922)*4/10. Calculate the highest common divisor of u and 32.
16
Let h be (-6)/(1/3 - 1). Suppose 19 + h = 4*y. Suppose -u + 7 + 0 = 0. What is the highest common divisor of u and y?
7
Let v(i) = -i**3 - 12*i**2 - 2*i. Let z be v(-12). Calculate the highest common divisor of z and 112.
8
Let z = -41 - -90. Let f(m) = -m**2 - 13*m + 5. Let k be f(-10). Let g = z - k. What is the greatest common factor of 98 and g?
14
Let d be (3 - 1)/(-4 + 430/105). Let j = -18 + 207. Calculate the greatest common factor of j and d.
21
Let x(b) = -14*b - 9. Let z be x(-4). Suppose -2*d = -5*q + 64, 3*d + 0*d = 4*q - z. Let h be -1 + 2 + -1 - -7. What is the greatest common factor of h and q?
7
Let o = -50 - -50. Suppose 2*z - 318 = -5*f - 16, -2*f - 5*z + 104 = o. What is the highest common factor of f and 31?
31
Suppose 0 = -2*w + 2*s - 19 + 115, 0 = -4*w + s + 177. Suppose 4*a - w - 1 = 0. What is the highest common factor of a and 121?
11
Let a be (-100)/30*(3 + (-135)/25). What is the greatest common divisor of a and 168?
8
Let q be (-10)/45 - (-32)/(-18). Let u(c) = 8*c**2 - 2*c - 1. Let o be u(q). What is the greatest common factor of 175 and o?
35
Suppose 7*w + 6 - 62 = 0. Let y(k) = 2 - 4 - 3 + 2*k. Let p be y(w). What is the greatest common divisor of 99 and p?
11
Let t be (3/5)/(2/10) + 1. Suppose -2*v = 5*n - 396, 0*n + 1024 = 5*v + t*n. What is the highest common divisor of 13 and v?
13
Suppose -2*x = 2*x + 3*k - 161, -35 = -x + k. Let s = -263 - -111. Let o be (9/(-2))/(12/s). What is the greatest common factor of x and o?
19
Suppose -p + z - 50 = -5*p, -22 = -2*p + z. Calculate the greatest common divisor of p and 48.
12
Let v = -552 + 560. Calculate the highest common divisor of 392 and v.
8
Let q = 12 - 2. Let i(k) = k**2 + k - 65. Let s be i(9). What is the highest common factor of q and s?
5
Suppose 0 = 6*p - 132 - 294. What is the highest common factor of 71 and p?
71
Let l be (-1)/((-3 + 4)*-1). Let j(b) = 20*b**2 - 2 + 75*b**2 + l + 8*b**2 - 2*b. Let x be j(-1). What is the highest common factor of x and 13?
13
Suppose -3*w = -3*c + 9, -2*w + c + 3 = 2*w. Suppose -z + 68 = 4*f + 9, -w*z + 3*f + 63 = 0. Calculate the greatest common factor of 26 and z.
13
Let q(t) = t**2 + 8 + 4*t + 0*t - 3. Let l be q(-5). Suppose -4*o - 5*p = -220, -5*o + 73 = -2*p - 169. What is the highest common factor of o and l?
10
Suppose -3*v = -4*a - 260, 8*a - 12*a - 20 = 0. Calculate the greatest common divisor of 80 and v.
80
Suppose -5*z + 111*i - 108*i + 525 = 0, 2*z = -i + 221. What is the greatest common factor of z and 744?
12
Let n(u) = u**3 - 12*u**2 - 29*u + 38. Let l be n(14). Calculate the highest common divisor of l and 36.
12
Let s(j) = -5*j + 62. Let f be s(25). Let y = 76 + f. Calculate the highest common factor of y and 91.
13
Suppose 1316 - 452 = 3*v. Suppose -5*l + 212 + v = 0. Calculate the highest common factor of 150 and l.
50
Suppose 0 = 3*r + 398 - 1958. Suppose -3*g - g = -r. Calculate the highest common divisor of g and 26.
26
Let s(z) = -2*z - 4*z**2 + 2*z**2 - 4 - 8*z + 0*z. Let x be s(-3). Let h = 132 - 76. Calculate the greatest common divisor of h and x.
8
Suppose -3*r + 220 = 2*t + 3*t, -5*t = 4*r - 300. Suppose 0 = 3*k - v - 113, -k = 5*v - 6 - 5. Let d = -26 + k. What is the greatest common divisor of r and d?
10
Suppose 148*x - 144*x - 12 = 0. What is the highest common factor of x and 39?
3
Suppose 30*g - 216 = 24*g. Calculate the greatest common factor of 648 and g.
36
Suppose 0 = 3*z + 3*l - 36, -4*l = -z - 3 + 30. Let o(w) = w**3 - 7*w**2 + 8*w - 8. Let g be o(6). Let n = g - -6. What is the highest common factor of z and n?
5
Let f = 22 + -16. Let y(g) = 3*g**2 - 6*g + 8. Let n be y(f). Suppose -s - 3*u + 21 + 4 = 0, -2*u = 5*s - 60. What is the highest common divisor of s and n?
10
Suppose -31*r - 8*r + 5148 = 0. Calculate the greatest common divisor of 33 and r.
33
Let i be (-67 + -1)*(5 - 21/4). Let v be (56/(-10))/(1/(-5)). Let a = v - i. What is the greatest common divisor of a and 88?
11
Let h(v) = 2*v + 25. Let p be h(-11). Suppose 0 = -z + p*o + 8 + 1, -61 = -5*z - o. What is the highest common divisor of z and 30?
6
Let q be 17/3 + 10/(-15). Calculate the highest common divisor of 13 and q.
1
Let n(w) be the first derivative of 15*w**2/2 - 4*w + 3. Let h be n(-2). Let f = 47 + h. What is the highest common divisor of 91 and f?
13
Let r(p) = 35*p - 1. Suppose 8 - 10 = -2*n. Let w be r(n). What is the greatest common divisor of w and 374?
34
Let l(c) = -8*c - 1. Let y be l(-2). Suppose -3*i + 30 = -5*i. Let q = i + 90. Calculate the highest common factor of q and y.
15
Let s = -5 + 7. Let a be s + 0 + -2 + 1. Suppose 0 = -3*y + 8*y - 35. What is the greatest common divisor of a and y?
1
Let u be 188 - (-8)/(1 + 1). What is the greatest common factor of 48 and u?
48
Let b(k) = -7*k + 7. Let f be b(4). Let l = f + 41. What is the highest common factor of 5 and l?
5
Suppose 18*z - 1 = 107. Suppose -2*q = 2*q - 24. Calculate the greatest common divisor of z and q.
6
Suppose -9731 = -35*o - 2381. What is the highest common factor of 105 and o?
105
Let b(a) = -2*a - 68. Let q be b(26). Let o = 148 + q. Calculate the highest common divisor of 4 and o.
4
Let b = 146 - 122. Calculate the highest common divisor of 6 and b.
6
Let y be 16/(-2) + 250 + -224. Let f = 50 - 32. What is the highest common divisor of f and y?
18
Let g = -11 - -15. Suppose 2*a - 2 = g. Suppose 0 = -2*w + 4*w + 2*o - 42, 0 = -5*w + a*o + 65. Calculate the greatest common divisor of 16 and w.
16
Suppose 0 = -60*l + 61*l. Suppose l = 3*i - 8*i - 4*d + 72, 21 = i + 3*d. What is the greatest common divisor of i and 132?
12
Let u = 2967 + -2913. Let g(l) = -6*l + 6. Suppose -5*s + s - 20 = 0. Let v be g(s). Calculate the highest common factor of u and v.
18
Let w = 9 - 2. Suppose -5*t - 11 = -s, w*t - 2*t = -5*s + 25. Let v(k) = 2*k - 6. Let u be v(s). What is the highest common factor of 2 and u?
2
Let j(k) = -2*k**3 - 11*k**2 + 9*k + 32. Let c be j(-6). What is the greatest common divisor of 14 and c?
14
Suppose -2817 + 7702 = 5*q - 4*a, q = a + 978. What is the greatest common factor of q and 139?
139
Let r = -109 - -123. What is the highest common divisor of 126 and r?
14
Suppose -4*f - 4*i - 8 = -3*f, -5 = 2*f - 3*i. Suppose 0 = -3*l - l + 100. Let t = f + l. Calculate the greatest common factor of t and 14.
7
Suppose 0 = 4*s + 2*w - 9042, -144*s - 4*w - 9024 = -148*s. What is the highest common factor of s and 9?
9
Suppose -q + 22 = 3. Let b = -19 + q. Suppose b = 4*m - 94 - 82. Calculate the greatest common divisor of m and 110.
22
Let i(a) = -a + 9. Let f be i(-7). Suppose 21 - 6 = 5*l. Suppose -l*o + 2*m - 12 = -66, -3*o = -4*m - 60. Calculate the highest common factor of f and o.
16
Suppose 0 = 25*d - 6261 + 2161. What is the highest common factor of d and 246?
82
Let m = -569 - -661. What is the highest common factor of m and 69?
23
Let s(j) = -j + 4*j + j + 8 - 3. Let x be s(3). What is the highest common factor of 187 and x?
17
Suppose -165 + 110 = -5*a. What is the greatest common divisor of a and 352?
11
Let a be ((15/(-10))/(-3))/(2/124). Let h(p) = -p**3 - 2*p**2 + 15*p + 8. Let q be h(-6). What is the greatest common divisor of a and q?
31
Suppose -4*n + 4*o = -4, -n + 8 = n + 4*o. Let u be 12 + -19 + n*2. Let c(t) = -4*t + 2. Let z be c(u). Calculate the greatest common divisor of 7 and z.
7
Suppose -75 = -5*y + 4*y - h, 3*y + 5*h = 215. Let c =